and 1161?
387
Calculate the greatest common factor of 88 and 5827613.
11
What is the highest common factor of 115378295 and 2895?
965
Calculate the highest common divisor of 2062944 and 76000.
608
What is the highest common factor of 638 and 3291464?
22
What is the greatest common factor of 684 and 28914156?
36
What is the greatest common divisor of 92813305 and 130?
65
What is the highest common factor of 1620608040 and 4104?
4104
Calculate the highest common divisor of 2729376 and 2574.
234
What is the highest common divisor of 260 and 836692675?
65
Calculate the highest common factor of 1123980 and 100.
20
Calculate the highest common factor of 101162209 and 149.
149
Calculate the highest common divisor of 46652 and 858828331.
11663
What is the greatest common divisor of 88479 and 522435?
87
What is the highest common divisor of 10290 and 27148170?
210
What is the highest common divisor of 149718191 and 7?
7
Calculate the highest common factor of 268532 and 138941.
187
Calculate the greatest common divisor of 34025250 and 15.
15
What is the greatest common factor of 1085 and 1242255?
35
Calculate the highest common divisor of 17856195 and 35.
35
Calculate the highest common divisor of 1731001 and 59.
59
What is the highest common divisor of 32100 and 43680?
60
What is the highest common divisor of 15148 and 345855349?
3787
What is the highest common divisor of 96647 and 127?
127
Calculate the greatest common factor of 51 and 173832.
3
What is the highest common divisor of 351 and 667979?
13
What is the highest common factor of 49312 and 121552?
16
Calculate the highest common divisor of 273220368 and 1392.
1392
What is the highest common factor of 187488 and 453344?
992
Calculate the highest common factor of 144 and 45162704.
16
Calculate the greatest common factor of 1904602 and 70.
14
What is the highest common divisor of 1788 and 417723288?
1788
What is the highest common divisor of 12765 and 1295?
185
What is the greatest common divisor of 4960312 and 2630040?
5656
What is the greatest common divisor of 22274 and 759388?
518
Calculate the highest common factor of 8787531 and 6.
3
Calculate the greatest common divisor of 438 and 721902.
6
Calculate the highest common divisor of 106760812 and 6576.
548
Calculate the greatest common divisor of 118692 and 10710.
126
What is the greatest common factor of 92296603 and 114499?
10409
What is the highest common factor of 11050 and 184150?
50
Calculate the highest common divisor of 46 and 869083727.
23
Calculate the highest common factor of 39906540 and 5427.
1809
What is the highest common divisor of 285 and 5467326?
57
What is the greatest common factor of 10369939 and 122?
61
What is the highest common factor of 16280 and 891880?
440
What is the greatest common divisor of 4672971 and 2511?
2511
Calculate the greatest common factor of 296052 and 746.
2
Calculate the highest common factor of 56492007 and 858.
429
Calculate the greatest common factor of 434 and 90531.
7
Calculate the highest common divisor of 2837164 and 187.
187
Calculate the greatest common divisor of 664818 and 957.
33
Calculate the highest common divisor of 7501 and 3301883.
13
Calculate the greatest common factor of 657478766 and 196.
98
Calculate the highest common factor of 2376 and 568952.
8
Calculate the greatest common divisor of 77287338 and 1377.
459
What is the greatest common factor of 34870 and 79998754?
6974
Calculate the highest common divisor of 232 and 11031200.
8
What is the highest common factor of 95692465 and 55?
55
Calculate the highest common factor of 7408 and 68751796.
1852
Calculate the highest common divisor of 3906 and 3116358.
126
What is the greatest common divisor of 6587388 and 8856?
1476
Calculate the highest common divisor of 74 and 2603219434.
74
What is the highest common divisor of 326650 and 40226600?
6950
What is the greatest common divisor of 30357910 and 220?
110
What is the highest common factor of 68217 and 1344?
3
Calculate the greatest common factor of 55828 and 140692.
68
Calculate the highest common divisor of 3402751 and 413697.
3727
Calculate the highest common factor of 3016635 and 962385.
1245
What is the highest common divisor of 51 and 360098131?
17
Calculate the highest common factor of 15573 and 1476564.
87
What is the greatest common divisor of 766777 and 680625?
121
What is the highest common factor of 11269098 and 189?
27
What is the greatest common divisor of 2621354 and 395314?
3838
Calculate the greatest common factor of 1066 and 5774522.
1066
Calculate the highest common divisor of 653677 and 110507.
1873
Calculate the highest common factor of 177 and 65207567.
59
Calculate the greatest common factor of 1270218 and 97378.
538
Calculate the highest common factor of 657 and 14385453.
219
Calculate the highest common factor of 10696 and 616406.
14
What is the greatest common factor of 1188 and 1363230?
594
What is the highest common factor of 674613 and 1942364?
3259
What is the highest common divisor of 374068304 and 48?
16
What is the highest common divisor of 90 and 43800930?
90
Calculate the highest common factor of 123856 and 8332.
4
What is the highest common factor of 2847096066 and 366?
366
What is the greatest common divisor of 16636379 and 167933?
2753
What is the highest common factor of 304 and 20?
4
What is the greatest common divisor of 1037414 and 448?
14
Calculate the greatest common divisor of 2527743 and 6.
3
What is the greatest common factor of 270720 and 2510505?
2115
What is the greatest common divisor of 22060 and 149395835?
5515
What is the highest common divisor of 220469652 and 72?
36
Calculate the highest common divisor of 10373 and 119597.
41
What is the greatest common divisor of 3953215 and 1262?
631
Calculate the greatest common factor of 882 and 613087902.
882
Calculate the highest common factor of 306 and 1736937855.
153
Calculate the highest common divisor of 40 and 1875635.
5
What is the greatest common divisor of 4382818 and 430?
86
What is the highest common factor of 63983542 and 14?
14
What is the highest common factor of 1932 and 143857203?
483
What is the highest common factor of 32938 and 441438?
86
Calculate the highest common factor of 618560 and 264.
8
Calculate the highest common divisor of 13 and 337079600.
13
What is the highest common divisor of 996 and 183108?
12
What is the highest common divisor of 150352306 and 104?
26
Calculate the highest common divisor of 8832635 and 385.
35
Calculate the greatest common divisor of 125349 and 63432563.
5969
What is the greatest common divisor of 835304 and 110975?
193
Calculate the greatest common divisor of 3234 and 391611.
33
What is the highest common factor of 3815202348 and 914?
914
What is the greatest common factor of 14744 and 1129759?
1843
What is the greatest common factor of 679 and 248568029?
97
Calculate the highest common divisor of 76608 and 8418216.
456
Calculate the highest common factor of 300698 and 15562.
502
What is the greatest common factor of 2008 and 25351?
251
What is the highest common factor of 2892 and 299238132?
2892
Calculate the highest common factor of 51459 and 67371.
51
Calculate the greatest common divisor of 655163 and 3179.
289
What is the greatest common factor of 2752700168 and 92?
92
Calculate the greatest common factor of 127280 and 9324851.
1591
Calculate the greatest common divisor of 12146 and 138106093.
6073
What is the greatest common divisor of 50643196 and 3816?
212
Calculate the highest common factor of 20570699 and 269.
269
Calculate the highest common divisor of 12884468 and 464.
116
What is the greatest common factor of 250 and 42584690?
10
Calculate the highest common factor of 4280391 and 67175.
2687
Calculate the highest common factor of 11 and 3821587319.
11
Calculate the highest common divisor of 100 and 3179250.
50
What is the greatest common divisor of 75111405 and 235?
235
What is the highest common factor of 41645 and 5660?
5
Calculate the greatest common divisor of 218219103 and 14049.
2007
What is the highest common divisor of 27079718 and 1336?
334
What is the greatest common divisor of 995 and 44549135?
995
Calculate the highest common factor of 513 and 821313.
513
What is the greatest common divisor of 55231 an